t is the tens digit of t(m)?
1
Suppose -1 = 4*m + 7. What is the units digit of ((-7)/14)/(m/4)?
1
Suppose 5*g - 15 = -w + 10, 2*g + 7 = 3*w. Suppose 4*h = -g*o + 8, 5*h - 14 = 3*o - 4. What is the units digit of h?
2
Let c(y) = y + 8. Let r be c(-6). Let f be 2 + (-3)/(r - 5). Suppose 0 = -f*p - 2*x + 29, 4*x + 41 = 3*p - 0*x. What is the units digit of p?
1
Suppose 4*q - 164 = -z - 2*z, 4*q = 2*z - 136. What is the units digit of z?
0
Let q(m) = 6*m**2 - 4*m + 1. Let w be q(3). Suppose 0 = 2*o - w + 11. What is the tens digit of o?
1
Suppose u - 1 = -2*n, -u - 2 = 3. Suppose 28 = 2*f + 4*p, -n*p + 24 = 3*f - 24. Suppose -3*a + f = 2*l, l = 3*a - 0*a. What is the units digit of l?
6
Let o = 141 + -100. What is the tens digit of o?
4
Suppose -81 = s - 4*s - 3*x, -114 = -5*s + 2*x. What is the units digit of s?
4
Suppose -2*n = 55 - 215. What is the units digit of n?
0
Let p(a) = -a**2 - 7*a - 3. Let u be p(-6). Suppose -5*g + 3*n + 136 = 0, -5*g + 62 = u*n - 62. What is the units digit of g?
6
Suppose q = -a - 87, -q = -0*a - a + 93. Let h = q + 129. What is the tens digit of h?
3
Let w(s) = -s**3 + 2*s**2 + 4*s + 2. Let l be w(4). Let o = l - -24. What is the tens digit of o?
1
Let k = 5 - 10. Let n be 60/(-15)*(-6)/4. What is the tens digit of 12 - -1 - (n + k)?
1
Let k = 124 - -52. What is the units digit of k?
6
Let k(v) = v**2 + 3*v - 2. Suppose f - 4 + 0 = 0. What is the units digit of k(f)?
6
Let a be (10/(-8))/((-2)/8). Suppose -5*h - 15 = -5*s, -a*s - 3*h - 12 + 3 = 0. What is the units digit of (-14 + s)/(8/(-4))?
7
Let l be 29/(-116) - (-1 - (-10)/(-8)). Let s be (-3)/((1 - 0)*-1). Suppose -35 = -l*z - s*z. What is the units digit of z?
7
Suppose -2*s + 4*h = 0, -5*h + 14 = 2*s - 4. Suppose -s*k = -0*t + 5*t - 59, -2*t - 2*k = -24. What is the units digit of t?
1
Suppose g = -3*g - 4*p + 532, 4*g = 4*p + 500. What is the tens digit of g?
2
Let i(f) = f**2 - 16*f + 18. What is the units digit of i(15)?
3
Suppose 2*g = 3*v + 89, -3*g = 5*v - 111 - 70. What is the tens digit of g?
5
What is the tens digit of 25 + -1 - (-2)/2?
2
Let m = 586 + -361. What is the hundreds digit of m?
2
Let f(u) = u**3 + 5*u**2 - 6. Suppose 0 = -0*w - 4*w - 20. Let d be f(w). Let o(k) = -k**3 - 5*k**2 + 4*k - 4. What is the units digit of o(d)?
8
Let i(c) be the first derivative of -c**4/4 + 14*c**3/3 + 9*c**2 - c - 4. What is the tens digit of i(15)?
4
Let u(j) = 4*j - 6. Let t(q) = -3*q + 5. Let c(k) = 5*t(k) + 4*u(k). Suppose -45 = -5*f + 4*y - 0*y, 3*f = -3*y. What is the units digit of c(f)?
6
Let q = -29 + 63. Let s = -7 + q. What is the tens digit of s?
2
Let o(u) = u. Let x(v) = v**3 - 2*v**2 - 4*v + 4. Let f be x(3). Let z(y) = -3*y - 6. Let m(b) = f*z(b) + 4*o(b). What is the units digit of m(7)?
1
Let l = -11 - -19. Let k = 6 - l. What is the units digit of (-18)/(-3 + 3 + k)?
9
Let s(m) be the second derivative of -m**3/3 - 7*m. Suppose 8*q - 3*q = -10. What is the units digit of s(q)?
4
Suppose 36 = -g + 70. What is the units digit of g?
4
Let g(w) = 21*w - 50. What is the hundreds digit of g(8)?
1
Suppose 4*k = -12*k + 2880. What is the tens digit of k?
8
Suppose 1 - 19 = -3*k. Suppose -4*a - 8 = 4. Let x = a + k. What is the units digit of x?
3
What is the units digit of (-21)/(-2) + (14/4)/7?
1
Let d(i) = 2*i**3 - 5*i**2 - 4*i. Let y be (-2)/7 + 300/70. What is the units digit of d(y)?
2
Let t(n) = 12*n - 6*n + 28*n. What is the tens digit of t(1)?
3
Let x(u) = u**2 + u. Let g be x(-6). Suppose -h - 15 = -4*h. Suppose 0 = -h*v + 110 - g. What is the tens digit of v?
1
Let l(m) = -3 - 6 - 3*m + 0. What is the units digit of l(-6)?
9
Suppose 0 = 2*c - 7*c - 3*j + 20, 3*c + 4 = -5*j. Let f = -6 + c. What is the units digit of f?
1
Let l(i) = i**2 + 24*i + 28. What is the tens digit of l(-25)?
5
Let d(t) = t**3 - 4*t**2 + 2*t + 4. Suppose 11 = s + 7. What is the units digit of d(s)?
2
Let c(g) = -79*g**3 + 3*g + 2. What is the tens digit of c(-1)?
7
Let o(g) = -2*g - 9. Let n be o(-7). Let f = n + -2. Suppose 13 = f*k - 17. What is the tens digit of k?
1
Suppose u = 3*g - 37, 5*g - 91 + 34 = -3*u. What is the tens digit of 3/(g/(-15) - -1)?
1
Let f(y) = -y - 9. Let g(o) = -o - 8. Suppose -5*w + 4*c - 16 = 0, 5*w + 2*c = -c - 23. Let m(r) = w*g(r) + 3*f(r). What is the tens digit of m(5)?
1
Suppose -2*l + 10*l - 568 = 0. What is the tens digit of l?
7
Suppose 0 = 4*m + 2*o + 8, -3*m + 0*o = -o - 4. Suppose m = 4*w - w - 69. What is the tens digit of w?
2
Let g be (-6)/3*3/(-3). Suppose -2*z + 26 = -7*z + g*n, -5 = -z - 3*n. What is the units digit of z/(-5)*(-10)/(-4)?
2
Suppose -2*i + 7*i = 195. What is the units digit of i?
9
Let r = 57 + -29. What is the tens digit of r?
2
Let y(c) = -260*c - 3. What is the tens digit of y(-1)?
5
Suppose -r + 258 = i, -3*i = 4*r - 511 - 261. What is the units digit of i?
0
Let q = 6 + -5. Let a = q - 6. Let w = 1 - a. What is the units digit of w?
6
Suppose -7*b + 1787 = -964. What is the units digit of b?
3
Suppose -5*x - 20 = 0, 2*y - 7*x = -5*x + 172. What is the tens digit of y?
8
Suppose -r + 42 = 2*r. Let n = r + -10. Suppose l = -n, -2*p + 2*l = -0*l - 26. What is the units digit of p?
9
Suppose -2*l = -4*l + 202. What is the hundreds digit of l?
1
Suppose -2*l - 752 = -3*j - 59, 5*l = 2*j - 1749. What is the units digit of l/(-63) - (-3)/7?
6
Let o = 52 + -51. What is the units digit of o?
1
Suppose 0 = 4*x + 12 - 92. What is the units digit of x?
0
Suppose -14 = -4*u + 6. What is the units digit of u?
5
What is the units digit of 284 + 5 - (3 + -2)?
8
Let h(x) = 0*x - 6 + 2*x + 5. Let a be h(-3). What is the units digit of (a/(-4))/((-1)/(-4))?
7
Let f = 18 + 26. Suppose -3*d + 0 = -q - 33, 2*q = -5*d + f. What is the tens digit of d?
1
Let j(k) be the second derivative of 2/3*k**4 + 1/3*k**3 + 2*k + 1/2*k**2 + 0. What is the units digit of j(-1)?
7
Suppose -f = 3 - 5. Suppose f*s + 34 = 3*s. What is the units digit of s?
4
Suppose -2 = q - 12. What is the tens digit of q?
1
Suppose 143 = 5*b - 202. Suppose 0*q + b = 3*q. What is the units digit of q + -2 + -1*2?
9
Suppose 0 = 2*c - 4*a - 118, -3*a - 8 = 4. What is the tens digit of c?
5
Suppose -x + 2 = -0. Let l(o) = 2*o - 8. Let j be l(6). Suppose -11 = -j*v + 5*s + 41, -x*s + 16 = 3*v. What is the units digit of v?
8
Let v(p) be the first derivative of p**2/2 + 4*p + 4. Let s be v(0). Suppose 6 = 2*g - s. What is the units digit of g?
5
Let r = 70 + -10. What is the units digit of r?
0
Let f(u) = u + 11. Let m be (2/(-6))/(2/(-30)). Let a(j) = j + 12. Let q(x) = m*f(x) - 4*a(x). What is the units digit of q(-3)?
4
What is the tens digit of 1/1 + (6/6 - -172)?
7
Let x(j) = -j**3 + 2*j**2 + j + 143. What is the tens digit of x(0)?
4
Suppose 12*h = 19*h - 203. What is the units digit of h?
9
Let x = 14 - 2. Let h be (15 + -1)*x/8. Suppose 3*q + 0*q - h = 0. What is the units digit of q?
7
Let f = 0 - 0. Let d be f + 1 - (-5)/5. Suppose 60 = 3*l + d*l. What is the units digit of l?
2
Let m be 1/((14/8)/7). Suppose 2*q - 3*f - 11 = 3, -m*q + 5*f = -30. What is the tens digit of q?
1
What is the tens digit of (-1 - 0)*882/(-6)?
4
Suppose -i = -2*i - 1. What is the units digit of -14*i/4*2?
7
Suppose 12 = 2*k + 2*k. Suppose -k*m + 18 + 3 = 0. What is the units digit of (-2)/1 + 1*m?
5
Let b(y) = y - 4. Let a be b(7). Let s = -5 + a. What is the units digit of 5/s*8/(-10)?
2
Let f(c) = 3*c**2 + 5 + 3 + 7*c + c - 4*c**2. What is the units digit of f(8)?
8
Let h = 32 + -22. Let c = 3 + h. What is the units digit of c?
3
Let a(w) = -w**2 + w + 4. Let s be a(0). Suppose 2*q = s*q + 2*m - 18, -4*m = q - 24. Suppose -23 - q = -3*u. What is the units digit of u?
9
What is the units digit of ((-4)/12)/(-1 + (-473)/(-474))?
8
Let x(r) = -9*r - 1. Let h be x(-2). Let v = h - 7. Suppose -2*d + 4 + v = 0. What is the units digit of d?
7
Let d(p) = -p**2 - 6*p + 1. Let u be d(-5). Suppose -4*b = -u*b + 14. What is the units digit of b?
7
Let r = -936 + 1566. Let v be (-4)/(-6)*r/20. Let z = -13 + v. What is the units digit of z?
8
Let k(c) = 43*c. Let g be k(1). Let p = g - 21. What is the units digit of p?
2
Suppose 2*l = -l + 4*k + 88, -2*k = -2*l + 62. Let s be (-2)/((-4)/6) - 0. Suppose -s*z = z - l. What is the units digit of z?
9
Suppose 4*b - 53 = q, -b + 